 is divided by 221.
112
Calculate the remainder when 2575 is divided by 43.
38
Calculate the remainder when 10008 is divided by 3020.
948
Calculate the remainder when 44964 is divided by 1362.
18
Calculate the remainder when 1033457 is divided by 13.
9
Calculate the remainder when 9581 is divided by 120.
101
Calculate the remainder when 418953 is divided by 27.
21
Calculate the remainder when 88378 is divided by 44186.
6
What is the remainder when 135614 is divided by 52?
50
What is the remainder when 8042 is divided by 437?
176
What is the remainder when 82689 is divided by 1021?
1009
Calculate the remainder when 44814 is divided by 42.
0
Calculate the remainder when 409143 is divided by 257.
256
What is the remainder when 15642 is divided by 872?
818
Calculate the remainder when 646 is divided by 125.
21
What is the remainder when 47038 is divided by 5207?
175
What is the remainder when 9111 is divided by 160?
151
What is the remainder when 226160 is divided by 226151?
9
What is the remainder when 50176 is divided by 570?
16
What is the remainder when 11797 is divided by 394?
371
What is the remainder when 3339461 is divided by 17?
15
Calculate the remainder when 2209 is divided by 992.
225
Calculate the remainder when 130058 is divided by 818.
814
What is the remainder when 2309 is divided by 379?
35
What is the remainder when 434120 is divided by 118?
116
What is the remainder when 909369 is divided by 77?
76
What is the remainder when 60822 is divided by 22?
14
Calculate the remainder when 4107 is divided by 16.
11
Calculate the remainder when 6843 is divided by 3.
0
What is the remainder when 25613 is divided by 1292?
1065
What is the remainder when 223586 is divided by 10646?
20
What is the remainder when 46448 is divided by 928?
48
Calculate the remainder when 451290 is divided by 474.
42
What is the remainder when 8361 is divided by 2754?
99
Calculate the remainder when 1430 is divided by 263.
115
Calculate the remainder when 18915 is divided by 3780.
15
Calculate the remainder when 9373 is divided by 618.
103
Calculate the remainder when 148664 is divided by 265.
264
Calculate the remainder when 1371100 is divided by 224.
220
Calculate the remainder when 4265786 is divided by 833.
826
What is the remainder when 12121 is divided by 6030?
61
Calculate the remainder when 6332 is divided by 903.
11
Calculate the remainder when 78831 is divided by 876.
867
What is the remainder when 26282 is divided by 53?
47
Calculate the remainder when 18834 is divided by 529.
319
What is the remainder when 616316 is divided by 328?
4
Calculate the remainder when 1296 is divided by 259.
1
What is the remainder when 5776 is divided by 321?
319
Calculate the remainder when 5814 is divided by 969.
0
Calculate the remainder when 42092 is divided by 19.
7
Calculate the remainder when 33294 is divided by 222.
216
What is the remainder when 6064 is divided by 19?
3
What is the remainder when 7163 is divided by 299?
286
Calculate the remainder when 243109 is divided by 417.
415
Calculate the remainder when 87597 is divided by 84.
69
What is the remainder when 26775 is divided by 5355?
0
Calculate the remainder when 808345 is divided by 77.
76
What is the remainder when 99782 is divided by 81?
71
Calculate the remainder when 9242 is divided by 341.
35
What is the remainder when 36024 is divided by 11?
10
What is the remainder when 327 is divided by 288?
39
Calculate the remainder when 5777 is divided by 5763.
14
Calculate the remainder when 12265 is divided by 1750.
15
What is the remainder when 2537 is divided by 268?
125
Calculate the remainder when 1789 is divided by 86.
69
Calculate the remainder when 167937 is divided by 10.
7
What is the remainder when 564239 is divided by 24?
23
What is the remainder when 28936 is divided by 33?
28
What is the remainder when 37486 is divided by 284?
282
Calculate the remainder when 171407 is divided by 17139.
17
What is the remainder when 1401 is divided by 390?
231
Calculate the remainder when 2983 is divided by 2070.
913
What is the remainder when 50109 is divided by 2630?
139
Calculate the remainder when 21012 is divided by 73.
61
Calculate the remainder when 48066 is divided by 155.
16
Calculate the remainder when 9726 is divided by 1440.
1086
What is the remainder when 7452 is divided by 7316?
136
What is the remainder when 7881 is divided by 555?
111
What is the remainder when 2887 is divided by 80?
7
Calculate the remainder when 4937 is divided by 1657.
1623
Calculate the remainder when 2159505 is divided by 1308.
1305
Calculate the remainder when 386609 is divided by 274.
269
What is the remainder when 132211 is divided by 21?
16
What is the remainder when 11306 is divided by 952?
834
What is the remainder when 7450629 is divided by 168?
165
What is the remainder when 555536 is divided by 141?
137
Calculate the remainder when 221540 is divided by 8.
4
What is the remainder when 6595 is divided by 3285?
25
What is the remainder when 8248 is divided by 3917?
414
What is the remainder when 29558 is divided by 29545?
13
What is the remainder when 66365 is divided by 1896?
5
What is the remainder when 932593 is divided by 6?
1
What is the remainder when 528194 is divided by 2210?
4
Calculate the remainder when 955 is divided by 601.
354
What is the remainder when 3458 is divided by 1314?
830
Calculate the remainder when 146024 is divided by 171.
161
What is the remainder when 26311 is divided by 3694?
453
Calculate the remainder when 86062 is divided by 16.
14
Calculate the remainder when 4570398 is divided by 232.
230
What is the remainder when 3050 is divided by 3020?
30
Calculate the remainder when 102789 is divided by 19.
18
Calculate the remainder when 510682 is divided by 680.
2
What is the remainder when 14765 is divided by 214?
213
What is the remainder when 4223 is divided by 72?
47
What is the remainder when 15651 is divided by 303?
198
What is the remainder when 19196 is divided by 151?
19
What is the remainder when 6437 is divided by 1068?
29
Calculate the remainder when 151409 is divided by 26.
11
What is the remainder when 14377 is divided by 14370?
7
Calculate the remainder when 1428 is divided by 470.
18
What is the remainder when 9983 is divided by 2488?
31
Calculate the remainder when 7060 is divided by 7051.
9
What is the remainder when 5118 is divided by 131?
9
Calculate the remainder when 10164 is divided by 17.
15
Calculate the remainder when 9382 is divided by 86.
8
Calculate the remainder when 673579 is divided by 7.
4
Calculate the remainder when 1300499 is divided by 289.
288
Calculate the remainder when 1859873 is divided by 212.
209
Calculate the remainder when 1753 is divided by 987.
766
What is the remainder when 15424 is divided by 53?
1
Calculate the remainder when 3017 is divided by 2953.
64
What is the remainder when 174382 is divided by 223?
219
What is the remainder when 158277 is divided by 10?
7
What is the remainder when 54660 is divided by 6072?
12
What is the remainder when 35477 is divided by 413?
372
What is the remainder when 29391 is divided by 4176?
159
What is the remainder when 72957 is divided by 320?
317
Calculate the remainder when 23349 is divided by 135.
129
What is the remainder when 6152 is divided by 1047?
917
Calculate the remainder when 61757 is divided by 2668.
393
Calculate the remainder when 30557 is divided by 1356.
725
Calculate the remainder when 18746 is divided by 202.
162
What is the remainder when 2590662 is divided by 11?
8
What is the remainder when 42272 is divided by 761?
417
Calculate the remainder when 56305 is divided by 9.
1
What is the remainder when 34438 is divided by 615?
613
Calculate the remainder when 13209 is divided by 4370.
99
What is the remainder when 1171316 is divided by 172?
168
What is the remainder when 9680 is divided by 78?
8
Calculate the remainder when 421168 is divided by 42.
34
What is the remainder when 3477502 is divided by 512?
510
Calculate the remainder when 410853 is divided by 25678.
5
What is the remainder when 1035 is divided by 317?
84
What is the remainder when 193 is divided by 61?
10
What is the remainder when 21872 is divided by 3644?
8
What is the remainder when 4323 is divided by 341?
231
Calculate th